 - 29. Let o be h/4*(-40)/30. Let d = 58 - o. What are the prime factors of d?
2, 7
Suppose -1367 - 823 = -6*w. What are the prime factors of w?
5, 73
Let v(x) = -x**3 - 3*x**2 - 2*x - 4. Let o be v(-3). What are the prime factors of (-660)/15*o/(-8)?
11
Let v = -409 + 1028. List the prime factors of v.
619
Let r(f) = -f**2 - f + 8. Let v be r(0). Let h = 4 + v. Suppose 2 - h = -w. List the prime factors of w.
2, 5
Let s be (-6)/27 + (-940)/(-18). List the prime factors of -1 + s + (-6 - -5).
2, 5
Let p be (-8)/(-24) - (-242)/(-6). Let z = 71 - p. What are the prime factors of z?
3, 37
Suppose -8*j - 4*r - 323 = -9*j, 2*j - 640 = 5*r. What are the prime factors of j?
3, 5, 7
Suppose -3753 = -s - 2*l, -90*s + l = -92*s + 7509. List the prime factors of s.
5, 751
Let r be 4/(-2 - 10/(-3)). Let v(x) = 8*x**2 - x + 4. List the prime factors of v(r).
73
Let g(a) = 0*a**2 + 2*a**2 + 4*a - 21 - 5*a + 0*a. What are the prime factors of g(-8)?
5, 23
Let k(o) = -2*o**3 - 4*o**2 + 11*o. Let q(m) = 1. Let n(s) = k(s) + 4*q(s). List the prime factors of n(-6).
2, 113
Suppose 5*q - 7*q + 56 = 4*u, 0 = 4*u - 8. List the prime factors of q.
2, 3
Suppose -4*n - 4*w + 31 = -3*n, 5*n + 3*w = 70. Let h be (-3)/6 + n/2. Suppose 3*p = 0, h*c + 6*p - 80 = 2*p. What are the prime factors of c?
2
Let c(r) = -6*r**3 - 27*r**2 + r - 15. List the prime factors of c(-7).
23, 31
Let u(x) = -x**3 + 3*x**2 + x + 1. Let c be u(3). List the prime factors of (-26 - c)*(-6)/15.
2, 3
Suppose -4*b + 3*b + 4 = 0. Suppose -h = -b*y + 4, 5*y = 2*h - 5*h - 12. Suppose -11*v + 6*v + 75 = y. What are the prime factors of v?
3, 5
Let r = -6 - -15. Suppose 2*i - 61 = -r. What are the prime factors of i?
2, 13
Let y = -113 + 105. What are the prime factors of (84/10)/(((-80)/175)/y)?
3, 7
Let d(v) = -4*v + 3. Let p be d(-4). Suppose p*b = 23*b - 728. List the prime factors of b.
2, 7, 13
Suppose -3*b - b - 4*n - 32 = 0, -b + 2*n = 8. What are the prime factors of (b/(-12))/(8/252)?
3, 7
Let p be ((-6)/10)/((-16)/80). Suppose -4*s = -p*m - 5 + 201, 2*s = -2*m + 112. List the prime factors of m.
2, 3, 5
Let t(g) = 33*g - 379. What are the prime factors of t(21)?
2, 157
Let p = -3 - -8. Suppose 0 = -7*o + p*o + 4. Suppose -4*h + o*n = -22, -h - h + 2*n + 14 = 0. What are the prime factors of h?
2
Suppose 0 = 4*l + 86 - 426. Suppose -4*k - 27 = -4*z + l, 3*z = -2*k + 109. Suppose 3*h - x - z = 0, 0 = h + 3*h - 5*x - 33. List the prime factors of h.
2, 3
List the prime factors of (1 - -3 - -1 - 10) + 876.
13, 67
Let s = 10 + -126. Let o = s - -207. What are the prime factors of o?
7, 13
Let z(c) = 20*c**2 + 5*c - 16. Let b(r) = -5*r**2 + 22*r - 5. Let a be b(4). What are the prime factors of z(a)?
179
Suppose 7 + 121 = q. List the prime factors of q.
2
Suppose b + 1 = -2*v + 21, v = 5*b - 1. List the prime factors of v.
3
Let z = -2 + 112. What are the prime factors of z?
2, 5, 11
Let t(b) = 54*b - 14. Let q(p) = -p**3 - 6*p**2 + 2. Let z be q(-6). List the prime factors of t(z).
2, 47
Let q = 75 + -27. Let o = q - -37. What are the prime factors of o?
5, 17
Suppose 0*f - 53 = -f. Let g = -10 + f. List the prime factors of g.
43
Let j be (-4)/10 + (-210)/(-25). Let m = j + -6. Suppose m*r + 13 - 119 = 0. What are the prime factors of r?
53
Suppose 0 = 3*a, 5*z + 16 = -3*a - 34. Suppose 5*u = 5*n + 75, 2*u = -0*u + n + 33. Let y = z + u. List the prime factors of y.
2
Let f(y) = 2*y**2 + 2*y + 266. What are the prime factors of f(0)?
2, 7, 19
Suppose -16 = 3*n + n, 0 = -4*b - n + 8. Suppose b*q = 5*g + 284, 4*q - 489 = -5*g - 122. What are the prime factors of q?
3, 31
Let j(c) = -7*c - 6. Let y = 49 + -60. What are the prime factors of j(y)?
71
Suppose 0 = 2*h + h + 3*r, -4*h = 3*r. Suppose h = g - 55 + 6. What are the prime factors of g?
7
Suppose -134*p = -126*p - 11944. List the prime factors of p.
1493
Suppose 0 = 32*i - 1570 - 4382. What are the prime factors of i?
2, 3, 31
Suppose 6*m = 5*m + 1. Let j = 4 - m. Suppose a + 22 = j*a. What are the prime factors of a?
11
Suppose 20*y - 45968 = -14*y. List the prime factors of y.
2, 13
Suppose -252 - 204 = -2*u. Suppose 0 = -2*l - 4*d + 216, -u = -2*l + d - 2*d. Let k = -46 + l. What are the prime factors of k?
2, 5, 7
Suppose 0 = i + 20 + 103. Let d = i + 246. List the prime factors of d.
3, 41
Let a(c) = 2991*c - 152. List the prime factors of a(1).
17, 167
Let u(b) = 2*b + 6. Suppose -r = 9 - 3. Let c be u(r). Let h(y) = y**2 + 4*y - 8. What are the prime factors of h(c)?
2
Suppose 11*f - 15*f - 4 = 0, -f = 2*w - 1981. List the prime factors of w.
991
Let t(d) = d**2 - 7*d - 8. Let z be t(8). Suppose z = -q + 5*q - 20. List the prime factors of q/(-25) - (-52)/10.
5
Suppose 3*a = -r - 280 + 4090, -4*a + 7614 = 2*r. List the prime factors of r.
3, 7, 181
Let s(o) = 4*o + 3*o**2 - 3*o**2 + 0*o**2 - 2 + o**2. Let k be s(-4). List the prime factors of -12 + 10 - 44/k.
2, 5
Let d(c) = -10*c**3 - 19*c**2 - 5*c - 27. List the prime factors of d(-8).
3917
Let c(v) = -v**2 - v + 4. Let f = -4 + 4. Suppose 0 = -f*m + m. List the prime factors of c(m).
2
Let w be (125/(-4))/(2 + 14/(-8)). Let l = w - -241. List the prime factors of l.
2, 29
Let l(x) = 53*x + 8. Let y be l(14). Suppose -17*d - y = -20*d. What are the prime factors of d?
2, 5
Let w(v) = v**3 + 10*v**2 + 5. Let u be w(-10). Suppose -3*l = 15, -4*l + 46 - 231 = -u*q. List the prime factors of q.
3, 11
Let o(f) = -10*f - 34. Let m be o(-11). Suppose 4*x - 2*x = 4*y + m, -4*y + 154 = 3*x. List the prime factors of x.
2, 23
Suppose 2*o - 5 = 4*x + 9, 5*x - 5*o + 15 = 0. Let v = 14 + x. Suppose 3 = -z + v. What are the prime factors of z?
7
Suppose -t + 4*y = -3761, -12177 = -4*t - 2*y + 2885. What are the prime factors of t?
3, 5, 251
Let g = 17 + -10. Let u be (-9)/(-2)*22/33. Suppose g*w - u*w = 80. List the prime factors of w.
2, 5
Let u(x) = 15*x - 4. Let y(p) = 23*p - 6. Let j(i) = 7*u(i) - 5*y(i). Let k(o) = 2*o + 22. Let f be k(-12). What are the prime factors of j(f)?
2, 11
Let l be -5*((-768)/(-20))/6. Let s = l + 36. What are the prime factors of s?
2
Let n(k) = k**3 - 7*k**2 - 2*k. Let s(j) = -j**3 + 6*j**2 + 3*j - 1. Let x(y) = 3*n(y) + 2*s(y). Let p be x(9). List the prime factors of p/(-8) - 1494/(-72).
3, 7
Let u be (-2)/10 - 54/(-45). Suppose 13 = -2*n - g - u, 3*n = -4*g - 21. Let k = n + 24. What are the prime factors of k?
17
Suppose -2*j - 3*g = -6*j + 113, -j + 29 = -g. What are the prime factors of (-18 + 90)*j/8?
2, 3, 13
Let l(q) = 27 - 5*q - 8*q - 12*q + 29*q. What are the prime factors of l(31)?
151
Let i be (-1 - 1) + (-1 - -3). Suppose i = -4*a + 5*c - 16 + 666, -4*a + 648 = -4*c. What are the prime factors of a?
2, 5
Let n = -717 - -512. Let f = 287 + n. List the prime factors of f.
2, 41
Suppose -4*g - c + 459 = g, -5*c = -2*g + 162. Suppose 0 = t - g + 9. Let o = t + -27. What are the prime factors of o?
5, 11
Suppose -6*p = -26 + 8. Suppose -p*f + 123 = -4*i, 2*f - 2*i = -4*i + 68. List the prime factors of f.
37
Suppose -4*f + o = -42, 3*f = -4*o + 47 - 6. Let v = f + 74. Suppose 17 + 17 = 2*h - 2*s, 5*h = -3*s + v. List the prime factors of h.
17
Suppose 243*v - 64680 = 228*v. List the prime factors of v.
2, 7, 11
Suppose 4*y - 2 + 6 = 0, 0 = -2*s + 5*y + 11. Suppose -3*j + s*x = -33, -4*j = -0*x - 3*x - 39. List the prime factors of j.
2, 3
Let z(o) = o**2 + 13*o + 2. Let n be z(-13). Let q be (-906)/(-18) + n/(-6). Let g = -33 + q. What are the prime factors of g?
17
Let n be 3 + (2/10 - 4/(-5)). Suppose 0 = 2*f + 3*g - 329, 4*f + n*g - 3*g = 653. List the prime factors of f.
163
Let j(q) = -q**3 - q**2 + q. Let h(c) = 4*c**3 - c**2 - 3*c + 6. Let d(z) = -h(z) - 5*j(z). Let o be (-18)/5 - (-12)/(-30). List the prime factors of d(o).
2, 17
Suppose -2*x + 3408 = 4*x. Let v = x - 343. List the prime factors of v.
3, 5
Suppose -2*n = -s - 390, 5*n + 88 = s + 493. Let l = 557 + s. What are the prime factors of l?
3, 59
Suppose -5*x - 5*o = 0, 0 = -x - 0*x - 5*o - 12. Suppose 4*d + 28 = x*p, 5*p + 2*d - 2 = 10. Suppose -152 = -p*i - 20. What are the prime factors of i?
3, 11
Let n(o) = o**3 + 2*o**2 - 8*o + 2. Let x be n(-4). Suppose 4*s + c = -1, x*c + 0*c = -4*s - 2. Suppose s*t - 120 = -4*t. What are the prime factors of t?
2, 3, 5
What are the prime fac